 factor of 172459 and 2082.
347
Calculate the greatest common factor of 767 and 1833.
13
What is the highest common factor of 39 and 3659903?
13
Calculate the greatest common factor of 251686 and 1342.
122
What is the greatest common divisor of 1480688 and 704?
176
Calculate the highest common divisor of 490568 and 356.
356
Calculate the highest common factor of 74 and 101047.
37
Calculate the highest common divisor of 911489 and 17.
17
What is the highest common divisor of 180 and 37782?
18
What is the highest common factor of 197 and 13199?
197
What is the greatest common factor of 255 and 12393?
51
Calculate the greatest common divisor of 82 and 52931.
41
Calculate the highest common factor of 128220 and 540.
60
Calculate the greatest common factor of 2147789 and 7.
7
What is the greatest common divisor of 7 and 581623?
7
What is the greatest common divisor of 864 and 351?
27
Calculate the highest common factor of 9223 and 943.
23
Calculate the highest common divisor of 3780 and 145380.
60
Calculate the greatest common factor of 1330 and 13190.
10
Calculate the greatest common factor of 30303 and 387.
9
What is the greatest common factor of 7021 and 246974?
413
Calculate the highest common divisor of 168 and 649551.
21
What is the greatest common divisor of 164 and 320?
4
What is the highest common factor of 1956 and 192?
12
Calculate the greatest common factor of 166642 and 182.
14
Calculate the highest common factor of 1943 and 681591.
67
Calculate the greatest common factor of 25358 and 62.
62
Calculate the highest common divisor of 752 and 220768.
16
What is the greatest common divisor of 1084080 and 1560?
120
What is the greatest common factor of 55270 and 10?
10
What is the greatest common divisor of 10330 and 10?
10
What is the greatest common divisor of 88968 and 39336?
264
Calculate the highest common factor of 562241 and 17.
17
Calculate the highest common divisor of 110952 and 32.
8
What is the greatest common divisor of 4429 and 8137?
103
Calculate the highest common factor of 11784 and 952.
8
Calculate the highest common factor of 1450834 and 1309.
77
What is the highest common factor of 10249 and 7067?
37
Calculate the greatest common divisor of 493253 and 43.
43
Calculate the greatest common divisor of 69 and 1306101.
69
What is the highest common factor of 781 and 71?
71
Calculate the greatest common factor of 18744 and 138.
6
Calculate the highest common divisor of 16860 and 240.
60
Calculate the highest common factor of 34 and 3578.
2
What is the greatest common factor of 9963 and 15795?
243
Calculate the highest common factor of 25742 and 153186.
422
What is the highest common divisor of 3 and 51141?
3
Calculate the greatest common factor of 891 and 163863.
81
What is the greatest common factor of 28626 and 91016?
734
What is the greatest common factor of 44 and 240988?
44
What is the highest common factor of 8939 and 266?
7
What is the highest common factor of 5 and 678605?
5
Calculate the greatest common divisor of 3717 and 168917.
413
Calculate the greatest common divisor of 2136 and 406374.
534
Calculate the greatest common divisor of 427 and 287.
7
What is the greatest common divisor of 3275 and 275?
25
What is the greatest common divisor of 3575 and 165?
55
What is the highest common divisor of 45356 and 2300?
92
Calculate the greatest common divisor of 629 and 2924.
17
Calculate the highest common divisor of 798 and 60592.
14
Calculate the highest common divisor of 1 and 41961.
1
What is the highest common factor of 264 and 165?
33
What is the highest common divisor of 206192 and 98?
98
Calculate the highest common divisor of 137812 and 3537.
131
Calculate the highest common factor of 595 and 3780.
35
What is the highest common divisor of 2075 and 25?
25
Calculate the highest common factor of 208 and 617872.
16
Calculate the highest common factor of 49914 and 2301.
177
Calculate the greatest common factor of 50655 and 52635.
165
What is the highest common factor of 3973 and 25619?
137
What is the highest common divisor of 8305 and 352?
11
Calculate the highest common factor of 2322 and 42699.
129
Calculate the highest common divisor of 2 and 1271208.
2
What is the greatest common factor of 48 and 643224?
24
Calculate the greatest common divisor of 11090 and 50.
10
What is the greatest common divisor of 3441219 and 3?
3
Calculate the greatest common divisor of 4843 and 7569.
29
What is the greatest common divisor of 116 and 553842?
58
Calculate the greatest common factor of 769 and 157.
1
What is the highest common factor of 132 and 23676?
12
What is the highest common divisor of 240 and 21405?
15
Calculate the greatest common factor of 123 and 77613.
123
Calculate the greatest common factor of 15592794 and 7.
7
Calculate the highest common divisor of 108 and 713934.
54
What is the greatest common divisor of 415 and 3365?
5
Calculate the highest common factor of 41556 and 12.
12
What is the greatest common factor of 1159 and 317642?
19
What is the greatest common factor of 505 and 35451?
101
Calculate the greatest common factor of 162 and 59562.
54
Calculate the greatest common divisor of 4261703 and 107.
107
Calculate the greatest common divisor of 28527 and 1332.
111
What is the greatest common factor of 8575 and 467950?
1225
Calculate the highest common factor of 14522 and 12330.
274
Calculate the highest common divisor of 40598 and 106.
106
Calculate the greatest common factor of 274 and 363598.
274
What is the greatest common divisor of 91333 and 1771?
253
What is the highest common factor of 1159 and 4819?
61
What is the highest common factor of 96 and 152016?
48
What is the highest common factor of 8850 and 14150?
50
Calculate the highest common divisor of 856 and 34989.
107
What is the highest common divisor of 319 and 11099?
11
What is the greatest common factor of 30960 and 11094?
258
Calculate the greatest common divisor of 137495 and 45.
5
What is the highest common factor of 6216 and 32?
8
What is the greatest common factor of 3243 and 207?
69
Calculate the greatest common divisor of 1153807 and 6834.
1139
Calculate the highest common divisor of 56 and 419232.
8
What is the highest common factor of 378 and 491778?
378
What is the greatest common divisor of 214015 and 23?
23
What is the greatest common divisor of 1000 and 488?
8
Calculate the highest common divisor of 50470 and 105.
35
What is the highest common divisor of 687 and 353347?
229
Calculate the greatest common factor of 635292 and 756.
252
Calculate the highest common factor of 17 and 1825.
1
Calculate the greatest common factor of 304740 and 24.
12
Calculate the highest common divisor of 258 and 219257.
43
Calculate the greatest common divisor of 8829 and 70305.
327
What is the greatest common factor of 3404 and 736?
92
Calculate the highest common factor of 672 and 69664.
224
Calculate the greatest common factor of 65625 and 595.
35
What is the greatest common factor of 92 and 2031268?
92
Calculate the highest common factor of 44217 and 153.
153
Calculate the highest common divisor of 62 and 1982.
2
What is the highest common divisor of 20961 and 170?
17
What is the greatest common divisor of 520415 and 14?
7
Calculate the highest common factor of 22 and 204578.
22
Calculate the highest common divisor of 99 and 28143.
9
What is the greatest common factor of 2896 and 4706?
362
What is the greatest common divisor of 686 and 1624?
14
Calculate the highest common factor of 8160 and 320.
160
What is the greatest common divisor of 8505 and 1145?
5
Calculate the highest common factor of 96996 and 180.
12
Calculate the greatest common divisor of 447 and 137229.
447
Calculate the highest common factor of 1699 and 31.
1
What is the highest common factor of 94 and 9917?
47
Calculate the greatest common divisor of 11696 and 1156.
68
Calculate the greatest common factor of 1505382 and 444.
222
What is the greatest common divisor of 15 and 2060490?
15
Calculate the highest common factor of 136430 and 98.
14
Calculate the greatest common factor of 50134 and 490.
14
Calculate the highest common factor of 36450 and 730.
10
Calculate the greatest common divisor of 9612 and 2946.
6
What is the greatest common divisor of 604813 and 143?
11
What is the gre